{"id":1474,"date":"2026-04-07T19:41:50","date_gmt":"2026-04-07T19:41:50","guid":{"rendered":"https:\/\/www.showman.moda\/?product=oculos-de-sol-tommy-hilfiger-th-1405-s-56-preto"},"modified":"2026-04-08T12:06:12","modified_gmt":"2026-04-08T12:06:12","slug":"oculos-de-sol-tommy-hilfiger-th-1405-s-56-preto","status":"publish","type":"product","link":"https:\/\/www.showman.moda\/?product=oculos-de-sol-tommy-hilfiger-th-1405-s-56-preto","title":{"rendered":"\u00d3culos de Sol Tommy Hilfiger TH 1405\/S\/56 Preto"},"content":{"rendered":"<h2>Descri\u00e7\u00e3o da Marca<\/h2>\n<p>A <strong>Tommy Hilfiger<\/strong> \u00e9 uma marca de moda fundada em <strong>1984<\/strong> pelo designer de mesmo nome. Conhecida como um s\u00edmbolo global do esp\u00edrito americano, a marca combina <strong>eleg\u00e2ncia cl\u00e1ssica<\/strong> com um toque <strong>moderno<\/strong>.<\/p>\n<h2>Produto: \u00d3culos de Sol Tommy Hilfiger<\/h2>\n<ul>\n<li><strong>G\u00eanero:<\/strong> Masculino<\/li>\n<li><strong>Tipo:<\/strong> Solar<\/li>\n<li><strong>Modelo:<\/strong> <strong>TH 1405\/S<\/strong><\/li>\n<\/ul>\n<h2>Design e Materiais<\/h2>\n<ul>\n<li><strong>Formato da arma\u00e7\u00e3o:<\/strong> Quadrado<\/li>\n<li><strong>Material da arma\u00e7\u00e3o:<\/strong> Acetato<\/li>\n<li><strong>Cor da arma\u00e7\u00e3o:<\/strong> Preto<\/li>\n<li><strong>Cor da lente:<\/strong> Cinza<\/li>\n<li><strong>Tipo de lente:<\/strong> <strong>CR39<\/strong><\/li>\n<\/ul>\n<h2>Medidas<\/h2>\n<ul>\n<li><strong>Tamanho da lente:<\/strong> <strong>56<\/strong><\/li>\n<li><strong>Tamanho da haste:<\/strong> <strong>145 mm<\/strong><\/li>\n<li><strong>Medidas do produto:<\/strong> <strong>5 x 16,2 x 8,2 cm<\/strong><\/li>\n<li><strong>Peso:<\/strong> <strong>100 g<\/strong><\/li>\n<\/ul>\n<h2>Garantia e Fabricante<\/h2>\n<ul>\n<li><strong>Garantia:<\/strong> <strong>12 meses<\/strong><\/li>\n<li><strong>Fabricante:<\/strong> Tommy Hilfiger<\/li>\n<\/ul>\n<h2>Conte\u00fado da Embalagem \/ Alimenta\u00e7\u00e3o<\/h2>\n<ul>\n<li><strong>Necessita de baterias:<\/strong> N\u00e3o se aplica (n\u00e3o requer baterias).<\/li>\n<\/ul>\n","protected":false},"excerpt":{"rendered":"<p>Descrio: Tommy Hilfiger uma marca de moda fundada em 1984 pelo designer de mesmo nome que tornou-se um smbolo global do esprito americano. A coleo de culos de sol Tommy Hilfiger tem uma grande variedade de modelos e estilos, onde..<\/p>\n","protected":false},"featured_media":1475,"comment_status":"open","ping_status":"open","template":"","meta":[],"product_brand":[],"product_cat":[201,202],"product_tag":[204,310],"class_list":{"0":"post-1474","1":"product","2":"type-product","3":"status-publish","4":"has-post-thumbnail","6":"product_cat-acesssorios","7":"product_cat-oculos","8":"product_tag-oculos-de-sol","9":"product_tag-tommy-hilfiger-th-1405-s-56-preto","11":"first","12":"instock","13":"shipping-taxable","14":"product-type-external"},"_links":{"self":[{"href":"https:\/\/www.showman.moda\/index.php?rest_route=\/wp\/v2\/product\/1474","targetHints":{"allow":["GET"]}}],"collection":[{"href":"https:\/\/www.showman.moda\/index.php?rest_route=\/wp\/v2\/product"}],"about":[{"href":"https:\/\/www.showman.moda\/index.php?rest_route=\/wp\/v2\/types\/product"}],"replies":[{"embeddable":true,"href":"https:\/\/www.showman.moda\/index.php?rest_route=%2Fwp%2Fv2%2Fcomments&post=1474"}],"wp:featuredmedia":[{"embeddable":true,"href":"https:\/\/www.showman.moda\/index.php?rest_route=\/wp\/v2\/media\/1475"}],"wp:attachment":[{"href":"https:\/\/www.showman.moda\/index.php?rest_route=%2Fwp%2Fv2%2Fmedia&parent=1474"}],"wp:term":[{"taxonomy":"product_brand","embeddable":true,"href":"https:\/\/www.showman.moda\/index.php?rest_route=%2Fwp%2Fv2%2Fproduct_brand&post=1474"},{"taxonomy":"product_cat","embeddable":true,"href":"https:\/\/www.showman.moda\/index.php?rest_route=%2Fwp%2Fv2%2Fproduct_cat&post=1474"},{"taxonomy":"product_tag","embeddable":true,"href":"https:\/\/www.showman.moda\/index.php?rest_route=%2Fwp%2Fv2%2Fproduct_tag&post=1474"}],"curies":[{"name":"wp","href":"https:\/\/api.w.org\/{rel}","templated":true}]}}