{"id":1480,"date":"2026-04-07T19:55:53","date_gmt":"2026-04-07T19:55:53","guid":{"rendered":"https:\/\/www.showman.moda\/?product=oculos-de-sol-tommy-hilfiger-th-1794-s"},"modified":"2026-04-08T12:06:14","modified_gmt":"2026-04-08T12:06:14","slug":"oculos-de-sol-tommy-hilfiger-th-1794-s","status":"publish","type":"product","link":"https:\/\/www.showman.moda\/?product=oculos-de-sol-tommy-hilfiger-th-1794-s","title":{"rendered":"\u00f3culos de Sol Tommy Hilfiger TH 1794\/S"},"content":{"rendered":"<h2>Tommy Hilfiger \u2013 \u00d3culos de Sol Masculino<\/h2>\n<h3>Destaques<\/h3>\n<ul>\n<li><strong>Modelo:<\/strong> TH 1794\/S<\/li>\n<li><strong>G\u00eanero:<\/strong> Masculino<\/li>\n<li><strong>Formato:<\/strong> Retangular<\/li>\n<li><strong>Estilo:<\/strong> Elegante, com toque cl\u00e1ssico e moderno<\/li>\n<\/ul>\n<h3>Cor e Design<\/h3>\n<ul>\n<li><strong>Arma\u00e7\u00e3o:<\/strong> Preto (material <strong>acetato<\/strong>)<\/li>\n<li><strong>Lentes:<\/strong> Cinza<\/li>\n<li><strong>Prote\u00e7\u00e3o:<\/strong> <strong>UV100<\/strong><\/li>\n<\/ul>\n<h3>Medidas<\/h3>\n<ul>\n<li><strong>Tamanho da lente:<\/strong> 55 mm<\/li>\n<li><strong>Altura da lente:<\/strong> 40,2 mm<\/li>\n<li><strong>Tamanho da haste:<\/strong> 145 mm<\/li>\n<\/ul>\n<h3>Garantia e Fabricante<\/h3>\n<ul>\n<li><strong>Garantia:<\/strong> 12 meses (garantia do fabricante)<\/li>\n<li><strong>Fabricante:<\/strong> Tommy Hilfiger<\/li>\n<\/ul>\n<h3>Informa\u00e7\u00f5es T\u00e9cnicas<\/h3>\n<ul>\n<li><strong>Necessita de baterias:<\/strong> N\u00e3o se aplica (n\u00e3o \u00e9 indicado para funcionamento com bateria\/pilha)<\/li>\n<\/ul>\n<h3>Dimens\u00f5es do produto<\/h3>\n<ul>\n<li><strong>15,24 x 5,08 x 5,08 cm<\/strong><\/li>\n<li><strong>Peso:<\/strong> 100 g<\/li>\n<\/ul>\n","protected":false},"excerpt":{"rendered":"<p>Tommy Hilfiger uma marca de moda fundada em 1984 pelo designer de mesmo nome que tornou-se um smbolo global do esprito americano.A coleo de culos Tommy Hilfiger tem uma grande variedade de modelos e estilos, onde a elegncia de Nova..<\/p>\n","protected":false},"featured_media":1481,"comment_status":"open","ping_status":"open","template":"","meta":[],"product_brand":[],"product_cat":[201,202],"product_tag":[313,311],"class_list":{"0":"post-1480","1":"product","2":"type-product","3":"status-publish","4":"has-post-thumbnail","6":"product_cat-acesssorios","7":"product_cat-oculos","8":"product_tag-oculos-de-grife","9":"product_tag-oculos-de-sol-tommy-hilfiger","11":"first","12":"instock","13":"shipping-taxable","14":"product-type-external"},"_links":{"self":[{"href":"https:\/\/www.showman.moda\/index.php?rest_route=\/wp\/v2\/product\/1480","targetHints":{"allow":["GET"]}}],"collection":[{"href":"https:\/\/www.showman.moda\/index.php?rest_route=\/wp\/v2\/product"}],"about":[{"href":"https:\/\/www.showman.moda\/index.php?rest_route=\/wp\/v2\/types\/product"}],"replies":[{"embeddable":true,"href":"https:\/\/www.showman.moda\/index.php?rest_route=%2Fwp%2Fv2%2Fcomments&post=1480"}],"wp:featuredmedia":[{"embeddable":true,"href":"https:\/\/www.showman.moda\/index.php?rest_route=\/wp\/v2\/media\/1481"}],"wp:attachment":[{"href":"https:\/\/www.showman.moda\/index.php?rest_route=%2Fwp%2Fv2%2Fmedia&parent=1480"}],"wp:term":[{"taxonomy":"product_brand","embeddable":true,"href":"https:\/\/www.showman.moda\/index.php?rest_route=%2Fwp%2Fv2%2Fproduct_brand&post=1480"},{"taxonomy":"product_cat","embeddable":true,"href":"https:\/\/www.showman.moda\/index.php?rest_route=%2Fwp%2Fv2%2Fproduct_cat&post=1480"},{"taxonomy":"product_tag","embeddable":true,"href":"https:\/\/www.showman.moda\/index.php?rest_route=%2Fwp%2Fv2%2Fproduct_tag&post=1480"}],"curies":[{"name":"wp","href":"https:\/\/api.w.org\/{rel}","templated":true}]}}